e 16, what is -8 - -1340d9f?
1340d97
In base 13, what is 17 + -63875b7?
-63875a0
In base 15, what is -449192 - 4?
-449196
In base 8, what is 54003 - -2062?
56065
In base 2, what is 1010001101010111101001000 + 101?
1010001101010111101001101
In base 9, what is 24 - 3005227?
-3005203
In base 15, what is -3 + 39201b8?
39201b5
In base 15, what is -83 - d6a37?
-d6aba
In base 13, what is 4b2510 - -42?
4b2552
In base 8, what is -223 - -63452?
63227
In base 12, what is -133768180 - 5?
-133768185
In base 9, what is -5 + -62325078?
-62325084
In base 8, what is -2165556607 + -3?
-2165556612
In base 12, what is 5 - -2093087b?
20930884
In base 14, what is 6d85 - 185?
6c00
In base 10, what is -3 - -58239193?
58239190
In base 14, what is 1996 - -a658?
c210
In base 6, what is 21555 + -10241?
11314
In base 2, what is -1010101 - -10011101111001010100110?
10011101111001001010001
In base 15, what is -102 + 26703?
26601
In base 15, what is 1 - -c9ce84?
c9ce85
In base 11, what is 10a043a + 0?
10a043a
In base 10, what is -6363 - -56?
-6307
In base 6, what is 10032 + -15551410?
-15541334
In base 11, what is 164a6 + -208?
16299
In base 10, what is 884385 - 11?
884374
In base 4, what is 11122 + 1111321?
1123103
In base 9, what is 33 + 57533?
57566
In base 13, what is -4a91 + 4b14?
53
In base 5, what is -1323011304 - -1011?
-1323010243
In base 11, what is 887aa + -15?
88795
In base 9, what is 2 - 5714354?
-5714352
In base 8, what is 66011 + -616?
65173
In base 2, what is 10010 + 1000010101011111010010?
1000010101011111100100
In base 4, what is -1133331011223122 + -1?
-1133331011223123
In base 9, what is -72660 + -57?
-72727
In base 15, what is -c3 + -1357bd?
-135891
In base 5, what is -140130 + -10022031?
-10212211
In base 10, what is -37117459 + -1?
-37117460
In base 3, what is -12 - -102111012110222?
102111012110210
In base 6, what is 5510 - -120023?
125533
In base 3, what is -1 - -1122200001212012?
1122200001212011
In base 15, what is 1ae3a + -769?
1a6c1
In base 13, what is -6cc6 - 157?
-7150
In base 10, what is -29679 - 278?
-29957
In base 12, what is -2212 - 17250?
-19462
In base 6, what is 102 + 2141412?
2141514
In base 16, what is -3a5d - 9e2?
-443f
In base 10, what is -825454 - 24?
-825478
In base 13, what is -2 - -511b34?
511b32
In base 10, what is -167 + -174756?
-174923
In base 4, what is -13031132331 + -101?
-13031133032
In base 4, what is 121 - 213020023333?
-213020023212
In base 16, what is -1f0dc - -25?
-1f0b7
In base 6, what is 2 + 22315554340?
22315554342
In base 15, what is -eb7 - 4b5?
-147c
In base 5, what is 3 + 1013212?
1013220
In base 16, what is 0 - -1a8f08?
1a8f08
In base 6, what is -1 + -2123513043?
-2123513044
In base 11, what is -6a1 + 12475?
11884
In base 3, what is 111001211111 - -22000?
111002010111
In base 7, what is -622 - -113213?
112261
In base 7, what is 530163 - -55?
530251
In base 14, what is -3a7dc4 - 22?
-3a8006
In base 14, what is -13a90 + 321c?
-10872
In base 2, what is -1101 - 1010011111100100111111111?
-1010011111100101000001100
In base 16, what is 121d28e + 6?
121d294
In base 13, what is 5 - 5b028957?
-5b028952
In base 6, what is -5 - -225532550?
225532541
In base 5, what is 123030 - 40000?
33030
In base 3, what is -1210012001210212 - -11?
-1210012001210201
In base 11, what is -2612 - 2552?
-5064
In base 15, what is -247 + -e6bac?
-e6e04
In base 4, what is 3130102012 - -1?
3130102013
In base 12, what is 3 + 6b3b473a?
6b3b4741
In base 6, what is 52 - -21112434?
21112530
In base 7, what is -3 - 10336463424?
-10336463430
In base 3, what is -1011201202 - 110000?
-1012011202
In base 2, what is 1010010100100010110001001 + 11?
1010010100100010110001100
In base 4, what is 13303022 + 1100?
13310122
In base 8, what is -77521403 - 2?
-77521405
In base 12, what is -8216 + -11b9?
-9413
In base 2, what is 0 + -11111010111000101110000?
-11111010111000101110000
In base 13, what is 90a + 480a?
5417
In base 12, what is -194785 + 16a?
-194617
In base 15, what is 1a59d99 - -3?
1a59d9c
In base 13, what is -6 + 11b233?
11b22a
In base 12, what is 6a1 - 1ba26?
-1b345
In base 8, what is 7133 + 6202?
15335
In base 2, what is 10010110011101 + 1001010100101?
11100001000010
In base 6, what is 10 - 200023545?
-200023535
In base 7, what is -5533452 - -44?
-5533405
In base 13, what is -32 - 9a4a85?
-9a4ab7
In base 8, what is 211 + 622333?
622544
In base 8, what is 506374 + 237?
506633
In base 16, what is 5 - 40a3b?
-40a36
In base 5, what is -3100 - 2103043?
-2111143
In base 9, what is 247 + 14705?
15053
In base 3, what is 0 - 1020112012221221010?
-1020112012221221010
In base 8, what is -4 + 6724226?
6724222
In base 15, what is -63 - -1d22b?
1d1b8
In base 7, what is 2 - -22153263?
22153265
In base 2, what is 1001100 + 110100001110001111100?
110100001110011001000
In base 11, what is -494806 + 6?
-494800
In base 13, what is -11 - -5c9538?
5c9527
In base 8, what is -2 - 32101711?
-32101713
In base 3, what is -1110100121 - 10112122?
-1120220020
In base 3, what is -22000022221 - 102?
-22000100100
In base 15, what is 516933d - -1?
516933e
In base 11, what is 1576a52 + -2a8?
1576755
In base 14, what is -39b7c8b + -1?
-39b7c8c
In base 6, what is -5242013 + 335?
-5241234
In base 15, what is 1 + -1d368ad?
-1d368ac
In base 4, what is -22023032023 + 121?
-22023031302
In base 7, what is -3523 - -11512?
4656
In base 9, what is 6188 + -1626?
4462
In base 14, what is -116abc8 + 1?
-116abc7
In base 2, what is -100100010011001111100000 + -100?
-100100010011001111100100
In base 13, what is 9b4cc - 3a9?
9b123
In base 10, what is 72948 + -4132?
68816
In base 14, what is -2 + -66b7775?
-66b7777
In base 14, what is -2c1c2 + -b6?
-2c298
In base 15, what is 52b4c - 14c?
52a00
In base 8, what is -34050400 + -5?
-34050405
In base 9, what is 22156 - -1634?
23801
In base 12, what is a + -22482b9?
-22482ab
In base 4, what is -1233113222 - 20?
-1233113302
In base 2, what is 111111011000111100010010 - 100?
111111011000111100001110
In base 16, what is -3 - 2ccccd?
-2cccd0
In base 3, what is 20 + -11122022000022202?
-11122022000022112
In base 7, what is 151 - -5615445?
5615626
In base 13, what is 4 + -4182723?
-418271c
In base 9, what is -27 - -60414?
60376
In base 6, what is -534030502 - 25?
-534030531
In base 10, what is -229 - -151972?
151743
In base 9, what is 72 + 1500608?
1500681
In base 13, what is -2706 - -b87?
-184c
In base 2, what is 1011101100 + -1110001100010?
-1100101110110
In base 5, what is 2 + -32220000301?
-32220000244
In base 10, what is 1334841 - 2?
1334839
In base 2, what is -101010101011000101 - -10011110111?
-101010010111001110
In base 9, what is -12433 + 82?
-12341
In base 12, what is 11383 + -1b80?
b403
In base 10, what is -1594 + -4517?
-6111
In base 14, what is 4 + 17c94a0?
17c94a4
In base 8, what is 226 - 50442?
-50214
In base 5, what is -1134233310 - -3?
-1134233302
In base 9, what is 5781583 + 1?
5781584
In base 13, what is 5a227b - -c?
5a228a
In base 3, what is -1101211011 + -12010?
-1102000021
In base 7, what is 36551131 - -4?
36551135
In base 5, what is -2 - -20231440024?
20231440022
In base 10, what is 4 - 17128279?
-17128275
In base 9, what is -506 + -256047?
-256554
In base 4, what is -222120020102 + 30?
-222120020012
In base 4, what is 212 + -211331001210?
-211331000332
In base 5, what is -1032401 + 2013?
-1030333
In base 12, what is -422 + 3840a?
37ba8
In base 13, what is 304 + 8642b?
86732
In base 2, what is -111101111010 + 1101111000?
-110000000010
In base 2, what is -11110000011 + -1011101000100?
-1111011000111
In base 6, what is 54 + 4044042?
4044140
In base 13, what is 77c58 + -1a2?
77a86
In base 7, what is -110122 + 1440?
-105352
In base 4, what is 123032 - 22321123?
-22132031
In base 15, what is -1300004 - -48?
-12eeeab
In base 8, what is 4 + -16343424?
-16343420
In base 12, what is 2 + 2522a0?
2522a2
In base 11, what is -8683755 + -2?
-8683757
In base 11, what is a415037 - 0?
a415037
In base 8, what is 113 - -6203676?
6204011
In base 5, what is -11422 + 13242402?
13230430
In base 8, what is -101 + 1657245?
1657144
In base 15, what is a03 + d79?
187c
In base 9, what is -377 + -305?
-683
In base 10, what is -45 + 872888?
872843
In base 14, what is -544 - 8943?
-9087
In base 8, what is 5 + 12441622?
12441627
In base 16, what is 8d3 + -1fec?
-1719
